 o. Let w be f(-8). Let i(t) = -t**2 - t + 3. What is i(w)?
-3
Let p(g) be the second derivative of -1/20*g**5 + 1/2*g**4 + 5*g - 2/3*g**3 - 7/2*g**2 + 0. Suppose -4*x - 29 - 6 = -3*i, -i = x. Give p(i).
-2
Let h(u) = 34*u**3 + 14*u**2 + 29*u + 7. Let f(g) = -29*g**3 - 13*g**2 - 29*g - 7. Let x(p) = 7*f(p) + 6*h(p). Calculate x(10).
3
Let p(y) = 15 - 3*y - 8*y + 2 + y**2 + 7. Let t be p(8). Let o(u) be the first derivative of -u**3/3 - 4*u - 3. What is o(t)?
-4
Let x(a) = a**2 - 6 - a**3 + 8 - 2*a - 7 + 5*a**2. Let t = 102 - 97. Calculate x(t).
10
Let i(r) be the second derivative of r**5/20 + 11*r**4/12 + 3*r**3/2 - 5*r**2/2 + 63*r - 2. Determine i(-10).
5
Let a(t) = -t**2 + 4*t + 4*t + 0*t**2 - 5. Calculate a(9).
-14
Let b = -8 + 13. Suppose 0*i - b*i = 25. Let s(w) = w**3 + 18*w**2 + 4*w - 6. Let a(m) = 2*m**2 - 1. Let j(h) = -6*a(h) + s(h). Determine j(i).
5
Let m(b) be the first derivative of 14*b**3/3 + b**2 + 2*b - 262. Calculate m(-2).
54
Let f(i) = -7*i**2 - 4. Let g(a) = 15*a**2 - a + 8. Let d(m) = 13*f(m) + 6*g(m). Determine d(-8).
-20
Let i(z) = -3*z - 1. Let o be 62 - 1/((-1)/(-3)). Suppose -4*c - o = -5*w - c, 5*w - 38 = -4*c. Suppose 0 = 3*d + 2*d + w. Give i(d).
5
Let q(t) = 1. Let p(z) = -2*z - 10. Let r(s) = -2*p(s) - 18*q(s). Determine r(-2).
-6
Let q(l) be the third derivative of l**5/60 - 5*l**4/24 - l**3 + 2*l**2. Suppose -17*m = 5*m - 110. Determine q(m).
-6
Let k = 2 - -1. Let r(t) be the third derivative of 11*t**4/12 + 5*t**3/2 - 43*t**2. Let z(y) = -10*y - 7. Let q(m) = 6*r(m) + 13*z(m). Determine q(k).
5
Let l(s) = -3*s + 8. Suppose j = -d + 8, 3*d - 1 = d + 3*j. Determine l(d).
-7
Suppose -4*j = -5*o + 9 + 7, 2*j + o - 6 = 0. Let k(g) = -52*g - 3 + 3 + 54*g. Determine k(j).
2
Let w(j) be the second derivative of -11*j**6/360 - j**5/60 - j**4/24 + 3*j**3/2 + 9*j. Let p(b) be the second derivative of w(b). Calculate p(-1).
-10
Let r(z) = -2 + 2*z**2 + 0 + 5*z + 4. Let n be -4 - 11*(-5)/(-55). What is r(n)?
27
Let x = 12 - 8. Suppose -i = x*i. Let l(u) = 5*u - 6. Let t(h) = -h + 1. Let n(m) = l(m) + 6*t(m). Calculate n(i).
0
Let y(b) = b**2 - 3*b + 9 - 4 + 6*b + 3*b. Let d(p) = -7*p**2 + p + 1. Let v be d(-1). Give y(v).
12
Let p(t) be the third derivative of -t**5/60 + 7*t**4/24 - 7*t**3/6 - 2*t**2. Let q(u) = -55*u + 335. Let k be q(6). Determine p(k).
3
Let b = -313 + 303. Let l(p) = 4*p + 14. Determine l(b).
-26
Let r(a) be the third derivative of -a**6/240 + a**5/40 + a**4/3 - 10*a**2. Let l(i) be the second derivative of r(i). Calculate l(5).
-12
Let x(k) = -2*k + 8 + 3*k**2 + 0*k - 2*k**2 + 16 - 10*k. What is x(10)?
4
Let a(b) = 3*b + 24. Let v be a(-8). Suppose -2*p - 7 + 19 = v. Let l(n) = 2*n - 6. Determine l(p).
6
Let j(n) = 9 - 5*n**2 - 10*n + 31*n - n**3 - 11*n. Give j(-6).
-15
Let q(g) be the second derivative of -g**4/12 - 5*g**3/6 - g**2/2 - 6*g. Suppose 25 = -8*y - 15. Give q(y).
-1
Let z(w) = -w + 8. Suppose -151 = -3*g - 121. Give z(g).
-2
Let z(a) = a + 6. Let v be (3/12)/((-3)/(-12)). Let y be (v*-4)/(-4 - -6). Let q be -2 - y*(-9)/6. Calculate z(q).
1
Let f(q) = -2*q + 4. Let s(r) = 5*r - 23. Let y(n) = -4*f(n) - s(n). Give y(8).
31
Let w(j) = 0*j**2 + 3*j**2 + 5 - 8*j - 2*j**2 + 1. Suppose -2*a + 10 = b - 3*b, a = 3*b - 1. What is w(a)?
6
Let n(g) = 5*g + 55. Let o(w) = -26*w - 276. Let f(u) = -11*n(u) - 2*o(u). Let v be f(-20). Let b(i) = i**2 - 5*i - 8. What is b(v)?
6
Let u(j) be the first derivative of j**4/4 - 2*j**3 + 3*j**2/2 - 13*j - 199. Give u(6).
5
Suppose -2*b - 10 = 2*a, b + b = 4*a - 4. Let q = b - -2. Let y(g) be the first derivative of -g**2/2 + 2*g + 10. Calculate y(q).
4
Let h(x) = 12 + 20 - 2*x - 44 + 18. What is h(-5)?
16
Let a(h) = h**2 - 20 + 13 - 15 - 17*h + 14*h + 0*h**2. Give a(7).
6
Let i(r) = r**2 + 8*r - 6. Let q = -387 - -378. Calculate i(q).
3
Let k(f) = -2*f**2 - 25*f + 11. Suppose 0 = -3*c - i - 39, -18*c + 23*c = -4*i - 65. Determine k(c).
-2
Let a(k) = 4*k + 3. Let x(g) = 13*g + 9. Suppose 4*o + 17 = 41. Suppose 0 = m - 10 + o. Let f(d) = m*x(d) - 14*a(d). Calculate f(-4).
10
Let a = 164 - 171. Let k(z) be the third derivative of 1/120*z**6 + 0*z + 4/3*z**3 - z**2 + 2/15*z**5 + 3/8*z**4 + 0. Determine k(a).
-6
Let f(p) = -3*p + 1. Let s(y) = 11*y - 3. Let l(v) = -72*v + 20. Let h(c) = 5*l(c) + 32*s(c). Let m(i) = 11*f(i) - 4*h(i). Give m(-10).
5
Let a(o) = -o**3 + 6*o**2 - 2*o - 6. Let b = -8 - -13. Let z be a(b). Let j be -5*4/((-60)/z). Let n(t) = -3*t - 2. Calculate n(j).
-11
Let o(d) = 14*d**3 - 2*d**2 + 1. Let a be -1 - 18/(-6) - (1 + -11). Suppose a*l = 7*l - 5. Calculate o(l).
-15
Let j(r) = 5*r - 4. Let c(y) = y - 1. Let h(w) = -9*c(w) + 2*j(w). Calculate h(-1).
0
Suppose -2*j = 5*d - 11, -d + 6*j - j + 13 = 0. Let g(y) = 6*y - 4. Let p(f) = 1. Let w(s) = g(s) + 4*p(s). Give w(d).
18
Let h be 7/(14/9) + 0 + -3. Let t(l) be the first derivative of 3*l + h*l**2 + 4 + 1/4*l**4 + 1/3*l**3. Determine t(-2).
-7
Let r(f) = -f**2 + 10*f - 23. Let o be r(4). Let a(m) = 6*m**2 + 2*m - 1. Calculate a(o).
7
Suppose 100 = 5*q + 5*u, -6*u + 30 = q - 3*u. Let d(h) = -h + 19. Determine d(q).
4
Suppose 5*i = -2*m - 14, m - 6 = 2*i + 2*m. Let v be (-10)/i - (5 - 5). Let l(a) = -a**3 + 4*a**2 + 5*a + 7. Calculate l(v).
7
Let q(g) = -g + 2. Suppose -4*n - 126 = -426. Suppose 8*l = 3*l - n. Let z be 7/3 - (-5)/l. Give q(z).
0
Let v(k) be the first derivative of k**4/4 + 4*k**3 + 11*k**2/2 - k + 228. Give v(-11).
-1
Let i(j) = -2*j + 3. Suppose 4*h = 12 - 48. Determine i(h).
21
Let r(w) = 2*w + 2*w + 12 + 2*w - 9*w. What is r(5)?
-3
Let p(b) = 0*b**2 + 4*b - 1 - 2*b**2 - 1. Let z = -198 + 200. Calculate p(z).
-2
Let y(p) = -1 + 20*p - 11*p + 3 - 5*p. Calculate y(1).
6
Let x be ((-1)/4)/((-6)/48). Let n be (0 + 1)*(5 - x). Suppose -n*o + l + 21 = -0*l, -5*o = -3*l - 39. Let d(a) = a**2 - 8*a + 7. What is d(o)?
-5
Let y(q) = -25*q - 4*q**3 + q**2 + 24*q - 4*q**2 + 0 - 2. Give y(-2).
20
Let q(u) = u**2 + 3*u - 4. Let k(b) = -b**2 + 9*b - 19. Let h be k(5). Suppose 4*i - h + 17 = 0. What is q(i)?
0
Suppose 5 = 4*r + 5*b, 42*b - 45*b = 2*r - 1. Let n(x) = 4*x**2 + 6 - 8*x - 2*x**2 - x**2. Determine n(r).
-9
Let i(s) = -7*s**2 - 16*s - 7. Let a(q) = -3*q**2 - 8*q - 4. Let u = 67 - 62. Let z(v) = u*a(v) - 2*i(v). Calculate z(-5).
9
Let z = 6 - 1. Suppose -3*q = -z*p + 171, -5*p + q + 73 = -104. Suppose -2*m = 3*f - 18, -2*m - 6 + p = 5*f. Let c(v) = -v - 6. Give c(f).
-12
Let x(y) be the first derivative of y**4/12 + y**3/6 + 17*y**2/2 - 7. Let i(m) be the second derivative of x(m). Let j be 1*2*(-6)/(-4). What is i(j)?
7
Suppose 10*a = 36 + 4. Suppose m - a*m = 12. Let l(x) = x**2 + 2*x - 3. What is l(m)?
5
Let i(g) = g**3 - 19*g**2 - 20*g - 4. Let r be i(20). Let c(b) = b**3 + 2*b**2 - 5*b + 2. What is c(r)?
-10
Let b(z) = -13*z - 7. Let s(k) = -7*k - 4. Suppose 33 = 3*h - c, 4*h + 0*c = 4*c + 44. Let q(l) = h*s(l) - 6*b(l). Determine q(-8).
-10
Let y(x) be the third derivative of x**5/60 + x**4/24 - 2*x**3/3 + 240*x**2. Suppose z = -3*g - 1 + 23, -5*g + 34 = z. Let u be (-3)/g - (-2)/4. Calculate y(u).
-4
Let f(n) = -2*n - 5. Let q be -28 - (7 - 5) - -1. Let c = 24 + q. Calculate f(c).
5
Let f(l) be the third derivative of l**2 + 1/6*l**3 + 0 + 0*l + 1/6*l**4. Let s = -41 - -43. What is f(s)?
9
Let y(o) = -4*o - 5. Let r(j) = -8*j - 107. Let m be r(-13). Let w(q) = -6 - 4*q + 3*q - 1. Let f be w(m). Give y(f).
11
Let p be (-1)/1 + (3 - 6) + -6. Let x(k) = 0*k - 6 - k - 4. Give x(p).
0
Let u(n) = 10*n - 22. Let v be u(3). Let w(f) = 2 + 5 + v*f**2 - 7*f**2 - 3*f - 4. Determine w(5).
13
Let j(l) = -l + 3. Let z(n) = n**2 - 14. Let a be z(6). Suppose -5*d + a = 7. Let k be j(d). Let r(c) = c**2 + c - 11. Determine r(k).
-11
Let f be (-9)/1*4/(-12). Let g(p) = -6*p + 3 + 4*p**2 + p**f - 6*p + 15*p. Calculate g(-3).
3
Let u(p) be the first derivative of p**6/30 + 2*p**3 + 6. Let h(s) be the third derivative of u(s). Let x(a) = 2*a**2 + 61*a + 31. Let v be x(-30). Give h(v).
12
Let p(i) = 117*i - 162. Let q(m) = 2*m - 3. Let v(s) = -p(s) + 54*q(s). Give v(2).
-18
Let r(g) be the second derivative of 13*g**3/6 + 5*g**2/2 - 304*g. Calculate r(-1).
-8
Let a = -2 + 2. Suppose -g + a*g + 4 = 0. Let j(u) = -u**2 + u - 3. Let t(r) = -r**2 - 2. Let h(q) = -3*j(q) + 2*t(q). Calculate h(g).